inder when 1778 is divided by 149?
139
What is the remainder when 6084 is divided by 322?
288
Calculate the remainder when 8295 is divided by 104.
79
Calculate the remainder when 3146971 is divided by 56.
51
What is the remainder when 20640 is divided by 1376?
0
Calculate the remainder when 9655 is divided by 1609.
1
Calculate the remainder when 214024 is divided by 84.
76
What is the remainder when 59502 is divided by 52?
14
What is the remainder when 10978 is divided by 10971?
7
Calculate the remainder when 21481 is divided by 131.
128
Calculate the remainder when 130409 is divided by 35.
34
Calculate the remainder when 189665 is divided by 437.
7
What is the remainder when 5341 is divided by 1765?
46
What is the remainder when 5016 is divided by 84?
60
Calculate the remainder when 97811 is divided by 48886.
39
What is the remainder when 1220 is divided by 83?
58
What is the remainder when 2432258 is divided by 13?
10
Calculate the remainder when 22903 is divided by 1635.
13
What is the remainder when 266540 is divided by 1234?
1230
Calculate the remainder when 334069 is divided by 11.
10
Calculate the remainder when 96398 is divided by 48199.
0
What is the remainder when 4197 is divided by 397?
227
What is the remainder when 925 is divided by 475?
450
Calculate the remainder when 3409 is divided by 104.
81
Calculate the remainder when 433 is divided by 37.
26
What is the remainder when 1196 is divided by 33?
8
What is the remainder when 67419 is divided by 613?
602
Calculate the remainder when 13497 is divided by 29.
12
What is the remainder when 2186 is divided by 398?
196
Calculate the remainder when 34390 is divided by 15.
10
What is the remainder when 22611 is divided by 7493?
132
What is the remainder when 15521 is divided by 374?
187
Calculate the remainder when 239358 is divided by 128.
126
Calculate the remainder when 8257 is divided by 70.
67
Calculate the remainder when 16983 is divided by 230.
193
What is the remainder when 6195 is divided by 191?
83
What is the remainder when 26254 is divided by 506?
448
Calculate the remainder when 43873 is divided by 7309.
19
What is the remainder when 3562 is divided by 70?
62
What is the remainder when 194881 is divided by 365?
336
Calculate the remainder when 706929 is divided by 12.
9
What is the remainder when 76773 is divided by 31?
17
What is the remainder when 317949 is divided by 438?
399
Calculate the remainder when 79954 is divided by 563.
8
What is the remainder when 11510 is divided by 140?
30
Calculate the remainder when 11402 is divided by 5.
2
What is the remainder when 1974919 is divided by 238?
233
What is the remainder when 6569 is divided by 1462?
721
Calculate the remainder when 528 is divided by 86.
12
What is the remainder when 215286 is divided by 8611?
11
Calculate the remainder when 459051 is divided by 114758.
19
Calculate the remainder when 34232 is divided by 372.
8
What is the remainder when 93100 is divided by 226?
214
Calculate the remainder when 671 is divided by 169.
164
What is the remainder when 221404 is divided by 407?
403
Calculate the remainder when 212332 is divided by 523.
517
What is the remainder when 1126 is divided by 195?
151
Calculate the remainder when 11509 is divided by 47.
41
Calculate the remainder when 412294 is divided by 206133.
28
Calculate the remainder when 41143 is divided by 41.
20
What is the remainder when 874 is divided by 379?
116
Calculate the remainder when 209576 is divided by 45.
11
Calculate the remainder when 30944 is divided by 1561.
1285
Calculate the remainder when 83734 is divided by 18.
16
What is the remainder when 51054 is divided by 185?
179
What is the remainder when 59178 is divided by 19608?
354
What is the remainder when 3977 is divided by 1307?
56
What is the remainder when 98488 is divided by 32805?
73
What is the remainder when 4797 is divided by 64?
61
What is the remainder when 9186 is divided by 237?
180
Calculate the remainder when 475082 is divided by 1212.
1190
Calculate the remainder when 1657482 is divided by 150.
132
Calculate the remainder when 387 is divided by 16.
3
What is the remainder when 1400 is divided by 1371?
29
What is the remainder when 352239 is divided by 34?
33
Calculate the remainder when 80312 is divided by 18.
14
Calculate the remainder when 16518 is divided by 2315.
313
What is the remainder when 1771 is divided by 1762?
9
Calculate the remainder when 1400 is divided by 56.
0
Calculate the remainder when 15217 is divided by 2848.
977
What is the remainder when 4155 is divided by 3811?
344
Calculate the remainder when 31281 is divided by 129.
63
Calculate the remainder when 11419 is divided by 422.
25
What is the remainder when 2650 is divided by 2576?
74
What is the remainder when 2192 is divided by 1019?
154
What is the remainder when 108114 is divided by 41?
38
Calculate the remainder when 156320 is divided by 810.
800
What is the remainder when 13498 is divided by 397?
0
What is the remainder when 55284 is divided by 7868?
208
What is the remainder when 234904 is divided by 117441?
22
Calculate the remainder when 28315 is divided by 161.
140
Calculate the remainder when 3629 is divided by 133.
38
Calculate the remainder when 21602 is divided by 89.
64
What is the remainder when 72652 is divided by 117?
112
What is the remainder when 5415 is divided by 136?
111
Calculate the remainder when 10371 is divided by 63.
39
Calculate the remainder when 739893 is divided by 21139.
28
Calculate the remainder when 6729611 is divided by 1381.
1379
Calculate the remainder when 2277 is divided by 749.
30
What is the remainder when 26417 is divided by 612?
101
Calculate the remainder when 886929 is divided by 71.
68
Calculate the remainder when 1187 is divided by 45.
17
Calculate the remainder when 7472 is divided by 914.
160
Calculate the remainder when 4044 is divided by 4017.
27
Calculate the remainder when 91 is divided by 49.
42
What is the remainder when 2242 is divided by 11?
9
Calculate the remainder when 10390 is divided by 21.
16
What is the remainder when 14692 is divided by 14206?
486
Calculate the remainder when 370955 is divided by 38.
37
What is the remainder when 3907108 is divided by 169?
166
What is the remainder when 12419 is divided by 197?
8
What is the remainder when 2045 is divided by 6?
5
Calculate the remainder when 6915 is divided by 440.
315
Calculate the remainder when 48497 is divided by 48485.
12
Calculate the remainder when 10940 is divided by 17.
9
What is the remainder when 220751 is divided by 14?
13
Calculate the remainder when 68001 is divided by 330.
21
What is the remainder when 191948 is divided by 955?
948
Calculate the remainder when 70823 is divided by 13.
12
What is the remainder when 4892 is divided by 14?
6
Calculate the remainder when 42558 is divided by 199.
171
What is the remainder when 343 is divided by 107?
22
Calculate the remainder when 16895 is divided by 1405.
35
Calculate the remainder when 2324 is divided by 75.
74
Calculate the remainder when 1485 is divided by 1419.
66
What is the remainder when 908511 is divided by 914?
909
What is the remainder when 814 is divided by 753?
61
Calculate the remainder when 6353 is divided by 2108.
29
What is the remainder when 485964 is divided by 14?
10
What is the remainder when 95909 is divided by 71?
59
Calculate the remainder when 76395 is divided by 51.
48
Calculate the remainder when 22688 is divided by 35.
8
Calculate the remainder when 2699696 is divided by 60.
56
Calculate the remainder when 55724 is divided by 619.
14
Calculate the remainder when 78812 is divided by 39406.
0
Calculate the remainder when 2427 is divided by 27.
24
Calculate the remainder when 2715 is divided by 1354.
7
What is the remainder when 114985 is divided by 553?
514
Calculate the remainder when 12263 is divided by 769.
728
Calculate the remainder when 5495 is divided by 5460.
35
Calculate the remainder when 12926 is divided by 104.
30
What is the remainder when 8338 is divided by 4165?
8
What is the remainder when 3813 is divided by 914?
157
What is the remainder when 1664 is divided by 48?
32
Calculate the remainder when 1438 is divided by 706.
26
Calculate the remainder when 4225 is divided by 2092.
41
What is t